4.
121
111 + -110 - (-5 - -131 - 9)
-116
Evaluate 1 + -3 + -8 + 5 + (-2 - 5).
-12
What is the value of -1 - ((17 - 8) + 4 + 5)?
-19
What is the value of -47 - -103 - 43 - -45?
58
Evaluate -227 + (201 - 95) + 106.
-15
What is the value of -4 - -6 - (-130 - (31 + -51 + 1))?
113
What is the value of (115 - -4) + -2402 + 2278?
-5
Calculate -16 + (-90 - -4) + 53.
-49
-101 + 114 + (2 - 84) - -10
-59
8 + -117 + 25 + (-32 - -10)
-106
What is -8 + (-41 + 51 - (51 + -3 + 4 + 4))?
-54
What is 27 - ((34 - 33) + 70)?
-44
What is 0 + 39 + 12 + (9 - -1) + -20 + 1?
42
Calculate (-1 + 9 - (17 - 2 - 11)) + -33.
-29
Calculate (5 - (3 + 4) - (80 + -72)) + (1 - 16).
-25
Evaluate 107 - (172 - 32 - 55).
22
Evaluate (73 - ((-6 - -19) + 4 - 15)) + -10.
61
Calculate 105 + -186 + 133 - (-1 - 2).
55
-91 + (-8 - -6 - (-26 + (-5 - -18)))
-80
Calculate (32 - (-10 - -36)) + 3 - (-2 - -69).
-58
What is (46 + 10 - 49) + 51 + 0 + -3 + -1?
54
What is -13 + (33 - (-20 + (-12 - -32)))?
20
Evaluate (1 - 53) + (108 - (112 - 23)).
-33
16 + -7 + -1 - 0 - 0
8
-1 + (-78 - (1 + 25)) + 33
-72
(46 - 58) + (-43 - -4) + -16 + 19
-48
(35 + -17 - 34) + -18
-34
What is the value of (-1802 - -1809) + 36 + -1?
42
What is -32 + 22 + 12 + -45 + 121?
78
What is -53 + 78 + (-3 - (-1 - (-1 + -1))) + 14?
35
What is the value of (3 + -21 - (-88 + 60)) + 2?
12
What is -17 - -1 - (71 - (29 - -79))?
21
21 - (22 + -10 + 11) - 4
-6
Evaluate (14 - (1 - -1)) + -144 + 146 + (8 - -40).
62
What is 557 + -582 + (7 - -11 - (1 + 0))?
-8
What is the value of (48 - 73) + (4 - -34)?
13
Evaluate 0 - -73 - (22 - (-24 + 16) - 4 - 21).
68
What is (-2 - (3 + 1)) + -102 - (38 + -13 + -33)?
-100
1 + (1 - (-2 - -4)) + -53 + -67 + 69
-51
Calculate -2 + 5 + -16 + (-20 - -17) + (-1 - 10).
-27
What is the value of 45 + -1 - (-1934 - -1927)?
51
Calculate (-46 - -7) + -57 + -13 + 46.
-63
Evaluate 19 + (1 - -20 - 14 - -10).
36
Calculate -49 + (471 + -488 - (-1 - 21)).
-44
Evaluate 5 + -22 + (69 - 98).
-46
(14 + 0 - (100 - 92)) + 38 - -4 - -6
54
(-47 - (-5 + -57)) + -31
-16
Evaluate 13 - (24 + -28) - (18 + -16).
15
What is 58 + (4 + -1 + 4 - (7 + -6))?
64
What is the value of 12 - ((25 - 13) + -19 - 27)?
46
What is -18 + (-15 - -12 - 10 - -22) + 2 + -1?
-8
Evaluate 2 + -1 - -44 - ((823 - 429) + -402).
53
What is the value of (-52 - -15) + (-28 - -57) + 94 + -5?
81
What is the value of -23 + (9 - (22 + 8))?
-44
Evaluate (-37 - (54 - 79)) + (16 - 3).
1
50 - (43 + (61 - -6))
-60
What is the value of (-58 - -178) + -114 + -13 + 1?
-6
What is the value of 1 + -49 + 12 + 19?
-17
Calculate 1197 + -1206 + ((-1 - 4) + 0 + 1 - 6).
-19
Calculate 14 - (2 + 6 + 0 + 30).
-24
-1 + -32 + (10 - -29 - 14 - 23)
-31
What is the value of (-5 - -6) + 2 - (48 + 13 + (0 - 0))?
-58
What is the value of 104 - (31 + 13) - 66?
-6
(8 - 11) + -32 - -28 - (1 - 14)
6
Calculate 40 + -172 - (-58 - 101).
27
What is the value of (25 - (-11 - -15)) + -24 + 10 - 91?
-84
What is the value of -29 - (-147 - -46 - -71)?
1
-15 + 7 + (-29 - -6 - -14)
-17
Calculate (127 - (138 - -22)) + 149.
116
What is the value of (6 - (20 + 15 + -30)) + 36 + -2?
35
What is the value of (145 - 140) + (20 - 1) + 3 + -5?
22
Evaluate -94 + (68 - (18 - -34)).
-78
What is 74 + (-6 - (4 + -6)) + -10 + 22 + 2?
84
What is -4 - 58 - 1 - (1 + -8 + (2 - 5))?
-53
21 + -29 - 12 - (-1 + 4 - 0)
-23
Evaluate 23 + -17 + -8 + 28 + -38.
-12
What is (18 - 40 - (15 - 20)) + -4?
-21
What is -1 - -2 - 3 - 0 - ((108 - 303) + 174)?
19
Calculate 24 + 13 + (-11 - (8 + -17)).
35
What is -351 - -337 - (-6 + (4 - 2) + -22)?
12
Calculate (-15 + 3 - 1 - 2) + (-325 - -321).
-19
What is the value of 1325 - 1303 - (-75 - -5)?
92
What is the value of -19 - (0 + -13 + (-7 - -20 - 5))?
-14
Calculate 21 - (154 - -15) - -104.
-44
Calculate -7 + -1 - (3470 + -3514).
36
What is -239 + 304 - (3 + 0) - -31?
93
What is the value of 15 + (1 - 5 - 6 - (-2 + -2))?
9
Evaluate -5 + -100 + (29 - -165).
89
Calculate (-21 + 66 - 172) + 18 - (14 - 1 - 1).
-121
What is the value of (1 - -44) + 2 + -724 + 593?
-84
What is 4 + 3 + -17 + 49 + -35?
4
Evaluate -60 - -61 - (-8 + (0 + 2 - -3)) - 97.
-93
Calculate (29 - 2) + 2 + 22 + -6 + -32.
13
What is (6 - 15) + 3 - 16 - (-664 - -671)?
-29
(-8 - -7 - -5) + (0 - 35) - -11
-20
What is (5 - 19 - (22 - 8)) + (-3 - 3)?
-34
What is the value of -16 - (-60 - -63) - 33?
-52
What is -18 - (6 + -11) - 4 - (-93 - -88)?
-12
What is 10 + 0 - (-256 + 305)?
-39
Calculate 32 + (-47 - -67 - 98).
-46
What is the value of (-18 + 10 + -20 + 47 - 111) + 15?
-77
Calculate 18 - ((61 - 20) + -52).
29
Calculate 187 + -184 + (77 + -6 - -5).
79
What is 4 + 1 + -74 + 1 + (617 - 655)?
-106
20 + (-42 - -48) + -50
-24
Calculate -20 + (-3 + 16 - 30) + 15.
-22
What is the value of (379 - 406) + -3 + (0 - (-5 - -4))?
-29
What is (-12 - (7 - 33 - -9 - -14)) + 2?
-7
Calculate 0 + 19 + (-64 - -20).
-25
Calculate -36 + (123 + -22 - 9).
56
Calculate -1 + -1 + 30 - (43 + -52 + 17).
20
-6 + 5 + (-3 - (-4 + -1) - (2 - -10))
-11
What is the value of (17 - 3) + (58 + -67 + (6 - -51) - -3)?
65
What is the value of (32 - 2) + (19 - (-4 + 13) - 6)?
34
Calculate (13 + 45 + -16 - 147) + (1 + 3 - -11).
-90
What is the value of -15 + (9 - (8 - (-5 + 13))) - (9 - 3)?
-12
What is the value of -39 - ((35 - -14) + -61)?
-27
-43 - (-1 - 4) - (5 - 19 - -5)
-29
What is the value of (47 - (-3 - -6)) + (703 - 766)?
-19
What is 78 - -1 - 4 - (-90 - -96)?
69
-57 + (-34 - (-112 + 39))
-18
4 - 33 - -45 - -25
41
What is the value of 5 - -57 - ((0 - -7) + -14)?
69
-2 + -16 + 22 + 15 + 8
27
What is the value of 98 + -136 + 78 + -40?
0
Calculate 9 + 10 - (8 + 50) - 5.
-44
What is the value of 182 + -152 + 41 + 8?
79
What is -38 + 3 - ((5 - -155) + -189)?
-6
What is the value of -55 + (73 - 29 - 36 - (-8 + 0))?
-39
Calculate (-26 - (1 - 20)) + -2 + 13 + 13.
17
Evaluate (-5 - 0) + (182 - 176) - (1 - 7).
7
What is the value of 1421 + -1440 + 1 + 7?
-11
What is the value of (12 + -5 - 21) + -31 + 6 + -9?
-48
What is the value of -1 + 18 + -26 + 7 + -28?
-30
What is 0 + (44 - 3) + -62 + (58 - -2)?
39
Evaluate 85 + -65 + (8 - (9 + -7 + 26 - 7)).
7
(16 - -35 - 24 - 104) + -1 + 17
-61
What is the value of 32 + 17 + -143 - -43 - (-4 + 1 + -2)?
-46
-13 + 7 + (8 - (7 + 15 + -16))
-4
2 + 0 + -12 + (22 - 15) + 18
15
Calculate -34 + 54 + -38 + 18 + -2.
-2
What is (55 - -4) + 167 + -187 - -37?
76
Evaluate (-6 - -6) + -6 - (10 + -55 - 10).
49
Calculate 9 - (-7 + 1 - ((19 - 57) + 69)).
46
Evaluate 9 + (72 - 51) + 19.
49
Calculate -16 - ((-5 - 2) + -47 + 34).
4
What is 159 + -2 + 610 + -703?
64
What is the value of (11 - 6 - 1) + (68 - -15)?
87
Evaluate -6 - (-3 - -14 - (-9 + 41 + -27)).
-12
Evaluate 82 + (4 - -20 - 45) + 26.
87
What is the value of 3 - (-10 - (-76 + -13))?
-76
Calculate 74 + (-4 - (6 + 4 + (3 - 22) + 5)).
74
What is the value of (18 - (43 - 0)) + 40 - (1 - 97)?
111
What is -29 + (9 - -2 - -14 - (3 - -7))?
-14
What is 36 - (14 + -2 + (-3 - (-8 - -7)) + -5)?
31
Evaluate -1 + 1 - (23 + ((-6 - 8) + 5 - -22)).
-36
Evaluate -44 + (59 - 45) - 48 - 20.
-98
What is the value of (-124 - -80) + (1 - -4 - (-6 - (-15 - -7)))?
-41
What is the value of (-21 - (-63 + -12 + 31)) + 35?
58
What is (-6 - -4) + -3 + 37 - (-15 - -17 - 9)?
39
What is -26 - (21 - (163 + -26) - -2)?
88
53 + 1 + 0 - (73 + -13 + -12 + -37)
43
Calculate -647 - -588 - (-6 + (1 - 0) + -5).
-49
What is (2 + -1 + 26 - (-1212 - -1213)) + 3?
29
What is the value of -555 + 521 - (3 + 13)?
-50
(37 - 0) + (1 - 23 - -38) + -29
24
What is the value of (4 - (13 + 7)) + 9 + (18 - 0)?
11
Evaluate 28 + 0 - (-1087 + 1104).
11
What is (0 - (-32 + 2)) + (669 - 653)?
46
Evaluate (5 - (4 + -7) - 4) + (-7 - -12 - -5).
14
What is 3 - 6 - -31 - (-2 + (23 - 32))?
39
Evaluate 26 + 1 - ((-1 - 25) + (218 - (-183 + 372))).
24
-8 - (-9 + 8 + -4 + 5 + 0)
-8
-11 + (21 + 35 - 25)
20
What is 0 + 2 - (-12 + (29 - 103 - -24))?
64
What is 19 + (20 - 75) + 16 + 28?
8
What is the value of -7 - (-24 + 6) - (350 - 307)?
-32
Calculate -15 + -1 + 8 + -22 + 9 + (1 - 17).
-37
What is the value of (-57 - -85) + (-4 - (-2 - -3 - -2))?
21
Evaluate 4 + 21 + -36 + 71.
60
45 + (-43 - 53) + 27
-24
Calculate -11 + -46 + 28 + 8.
-21
Calculate -38 - (84 + 2) - (-12 - (-12 + 7 + 3)).
-114
Evaluate -17 + 56 + (-65 - -32) + 64.
70
What is -5 + (-7 + -2 - (1 - 10 -